{"id":290,"date":"2021-08-17T17:01:11","date_gmt":"2021-08-17T20:01:11","guid":{"rendered":"https:\/\/palmas.uft.edu.br\/grad\/ccomp\/?page_id=290"},"modified":"2021-09-23T20:59:47","modified_gmt":"2021-09-23T23:59:47","slug":"campus-party-congresso-da-sociedade-brasileira-de-computacao-csbc","status":"publish","type":"page","link":"https:\/\/palmas.uft.edu.br\/grad\/ccomp\/?page_id=290","title":{"rendered":"Campus Party\/Congresso da Sociedade Brasileira de Computa\u00e7\u00e3o (CSBC)"},"content":{"rendered":"\n<p>Respons\u00e1vel: Coordena\u00e7\u00e3o e Centro Acad\u00eamico da Ci\u00eancia da Computa\u00e7\u00e3o<\/p>\n\n\n\n<p>A Campus Party tem sido um evento bastante procurado pelos acad\u00eamicos do Curso de Ci\u00eancia da Computa\u00e7\u00e3o. Trata-se de um evento repleto de teorias, ideias, curiosidades, descobertas, inova\u00e7\u00f5es e conhecimentos compartilhados com diversos participantes que podem debater e aprimorar ainda mais essas experi\u00eancias. Os conte\u00fados da Campus Party prop\u00f5em discuss\u00f5es, reflex\u00f5es e agora experimenta\u00e7\u00f5es que levem ao desenvolvimento de jovens talentos e ideias, e com isso, impulsionem o crescimento do pa\u00eds. S\u00e3o apresentadas inova\u00e7\u00f5es tecnol\u00f3gicas com potencial de transformar os principais setores econ\u00f4micos do planeta nas pr\u00f3ximas d\u00e9cadas.<\/p>\n\n\n\n<p>A Campus Party concentra-se nas \u00e1reas de empreendedorismo, inova\u00e7\u00e3o, criatividade, entretenimento e ci\u00eancia. A cada edi\u00e7\u00e3o, a Campus Party Brasil&nbsp;tem buscado impulsionar jovens talentos e empreendedores a criarem ou tirarem seus projetos do papel. As mentorias e conte\u00fados da Campus Party ser\u00e3o focados em auxiliar o empreendedor a compreender se o modelo de neg\u00f3cios aplicado \u00e9 o ideal, como escalar suas vendas, quais as diretrizes s\u00e3o necess\u00e1rias para ser acelerado ou receber um investimento e como buscar uma aceleradora ou um investidor-anjo. Startups avan\u00e7adas, com uma equipe robusta e desenvolvida, produtos lan\u00e7ados no mercado, com ou sem investimento, que j\u00e1 possuam faturamento.<\/p>\n","protected":false},"excerpt":{"rendered":"<p>Respons\u00e1vel: Coordena\u00e7\u00e3o e Centro Acad\u00eamico da Ci\u00eancia da Computa\u00e7\u00e3o A Campus Party tem sido um evento bastante procurado pelos acad\u00eamicos &hellip; <\/p>\n","protected":false},"author":1,"featured_media":0,"parent":0,"menu_order":0,"comment_status":"closed","ping_status":"closed","template":"","meta":[],"_links":{"self":[{"href":"https:\/\/palmas.uft.edu.br\/grad\/ccomp\/index.php?rest_route=\/wp\/v2\/pages\/290"}],"collection":[{"href":"https:\/\/palmas.uft.edu.br\/grad\/ccomp\/index.php?rest_route=\/wp\/v2\/pages"}],"about":[{"href":"https:\/\/palmas.uft.edu.br\/grad\/ccomp\/index.php?rest_route=\/wp\/v2\/types\/page"}],"author":[{"embeddable":true,"href":"https:\/\/palmas.uft.edu.br\/grad\/ccomp\/index.php?rest_route=\/wp\/v2\/users\/1"}],"replies":[{"embeddable":true,"href":"https:\/\/palmas.uft.edu.br\/grad\/ccomp\/index.php?rest_route=%2Fwp%2Fv2%2Fcomments&post=290"}],"version-history":[{"count":1,"href":"https:\/\/palmas.uft.edu.br\/grad\/ccomp\/index.php?rest_route=\/wp\/v2\/pages\/290\/revisions"}],"predecessor-version":[{"id":291,"href":"https:\/\/palmas.uft.edu.br\/grad\/ccomp\/index.php?rest_route=\/wp\/v2\/pages\/290\/revisions\/291"}],"wp:attachment":[{"href":"https:\/\/palmas.uft.edu.br\/grad\/ccomp\/index.php?rest_route=%2Fwp%2Fv2%2Fmedia&parent=290"}],"curies":[{"name":"wp","href":"https:\/\/api.w.org\/{rel}","templated":true}]}}