{"id":331,"date":"2021-08-17T18:04:18","date_gmt":"2021-08-17T21:04:18","guid":{"rendered":"https:\/\/palmas.uft.edu.br\/grad\/ccomp\/?page_id=331"},"modified":"2021-08-17T18:04:18","modified_gmt":"2021-08-17T21:04:18","slug":"linhas-de-pesquisa-2","status":"publish","type":"page","link":"https:\/\/palmas.uft.edu.br\/grad\/ccomp\/?page_id=331","title":{"rendered":"Linhas de Pesquisa"},"content":{"rendered":"\n<table id=\"tablepress-1\" class=\"tablepress tablepress-id-1\">\n<thead>\n<tr class=\"row-1 odd\">\n\t<th class=\"column-1\">LINHA DE PESQUISA<\/th><th class=\"column-2\">TITULA\u00c7\u00c3O <\/th>\n<\/tr>\n<\/thead>\n<tbody>\n<tr class=\"row-2 even\">\n\t<td rowspan=\"8\" class=\"column-1\">Arquiteturas de Sistemas de Computa\u00e7\u00e3o <\/td><td class=\"column-2\">Anna Paula Sousa Parente Rodrigues <\/td>\n<\/tr>\n<tr class=\"row-3 odd\">\n\t<td class=\"column-2\">Alexandre Tadeu Rossini da Silva <\/td>\n<\/tr>\n<tr class=\"row-4 even\">\n\t<td class=\"column-2\">George Lauro Ribeiro de Brito <\/td>\n<\/tr>\n<tr class=\"row-5 odd\">\n\t<td class=\"column-2\">Gentil Veloso Barbosa <\/td>\n<\/tr>\n<tr class=\"row-6 even\">\n\t<td class=\"column-2\">Rafael Lima de Carvalho <\/td>\n<\/tr>\n<tr class=\"row-7 odd\">\n\t<td class=\"column-2\">Tanilson Dias dos Santos <\/td>\n<\/tr>\n<tr class=\"row-8 even\">\n\t<td class=\"column-2\">Tiago da Silva Almeida <\/td>\n<\/tr>\n<tr class=\"row-9 odd\">\n\t<td class=\"column-2\">Thiago Magalh\u00e3es de Brito Rodrigues <\/td>\n<\/tr>\n<tr class=\"row-10 even\">\n\t<td rowspan=\"6\" class=\"column-1\">Banco de Dados e Engenharia de Software <\/td><td class=\"column-2\">Andreas Kneip  <\/td>\n<\/tr>\n<tr class=\"row-11 odd\">\n\t<td class=\"column-2\">Ary Henrique Morais de Oliveira <\/td>\n<\/tr>\n<tr class=\"row-12 even\">\n\t<td class=\"column-2\">David Nadler Prata <\/td>\n<\/tr>\n<tr class=\"row-13 odd\">\n\t<td class=\"column-2\">Edeilson Milhomem da Silva <\/td>\n<\/tr>\n<tr class=\"row-14 even\">\n\t<td class=\"column-2\">Patrick Letouz\u00e9 Moreira <\/td>\n<\/tr>\n<tr class=\"row-15 odd\">\n\t<td class=\"column-2\">Thiago Magalh\u00e3es de Brito Rodrigues<\/td>\n<\/tr>\n<tr class=\"row-16 even\">\n\t<td rowspan=\"14\" class=\"column-1\">Intelig\u00eancia Artificial e Otimiza\u00e7\u00e3o <\/td><td class=\"column-2\">Alexandre Tadeu Rossini da Silva <\/td>\n<\/tr>\n<tr class=\"row-17 odd\">\n\t<td class=\"column-2\">Anna Paula Sousa Parente Rodrigues <\/td>\n<\/tr>\n<tr class=\"row-18 even\">\n\t<td class=\"column-2\">Eduardo Ferreira Ribeiro <\/td>\n<\/tr>\n<tr class=\"row-19 odd\">\n\t<td class=\"column-2\">Glenda Michele Botelho <\/td>\n<\/tr>\n<tr class=\"row-20 even\">\n\t<td class=\"column-2\">Hellena Christina Fernandes Apolin\u00e1rio\u00a0 <\/td>\n<\/tr>\n<tr class=\"row-21 odd\">\n\t<td class=\"column-2\">Juliana Leit\u00e3o Dutra <\/td>\n<\/tr>\n<tr class=\"row-22 even\">\n\t<td class=\"column-2\">Marcelo Leineker Costa <\/td>\n<\/tr>\n<tr class=\"row-23 odd\">\n\t<td class=\"column-2\">Marcelo Lisboa Rocha <\/td>\n<\/tr>\n<tr class=\"row-24 even\">\n\t<td class=\"column-2\">Rafael Lima de Carvalho <\/td>\n<\/tr>\n<tr class=\"row-25 odd\">\n\t<td class=\"column-2\">Rog\u00e9rio Azevedo Rocha <\/td>\n<\/tr>\n<tr class=\"row-26 even\">\n\t<td class=\"column-2\">Tanilson Dias dos Santos <\/td>\n<\/tr>\n<tr class=\"row-27 odd\">\n\t<td class=\"column-2\">Tiago da Silva Almeida <\/td>\n<\/tr>\n<tr class=\"row-28 even\">\n\t<td class=\"column-2\">Warley Gramacho da Silva <\/td>\n<\/tr>\n<tr class=\"row-29 odd\">\n\t<td class=\"column-2\">Wosley da Costa Arruda <\/td>\n<\/tr>\n<tr class=\"row-30 even\">\n\t<td rowspan=\"5\" class=\"column-1\">Processamento Gr\u00e1fico e Multim\u00eddia <\/td><td class=\"column-2\">Ary Henrique Morais de Oliveira <\/td>\n<\/tr>\n<tr class=\"row-31 odd\">\n\t<td class=\"column-2\">Eduardo Ferreira Ribeiro\u00a0 <\/td>\n<\/tr>\n<tr class=\"row-32 even\">\n\t<td class=\"column-2\">Glenda Michele Botelho <\/td>\n<\/tr>\n<tr class=\"row-33 odd\">\n\t<td class=\"column-2\">Wosley da Costa Arruda <\/td>\n<\/tr>\n<tr class=\"row-34 even\">\n\t<td class=\"column-2\">Warley Gramacho da Silva <\/td>\n<\/tr>\n<\/tbody>\n<\/table>\n<!-- #tablepress-1 from cache -->\n","protected":false},"excerpt":{"rendered":"","protected":false},"author":1,"featured_media":0,"parent":0,"menu_order":0,"comment_status":"closed","ping_status":"closed","template":"","meta":[],"_links":{"self":[{"href":"https:\/\/palmas.uft.edu.br\/grad\/ccomp\/index.php?rest_route=\/wp\/v2\/pages\/331"}],"collection":[{"href":"https:\/\/palmas.uft.edu.br\/grad\/ccomp\/index.php?rest_route=\/wp\/v2\/pages"}],"about":[{"href":"https:\/\/palmas.uft.edu.br\/grad\/ccomp\/index.php?rest_route=\/wp\/v2\/types\/page"}],"author":[{"embeddable":true,"href":"https:\/\/palmas.uft.edu.br\/grad\/ccomp\/index.php?rest_route=\/wp\/v2\/users\/1"}],"replies":[{"embeddable":true,"href":"https:\/\/palmas.uft.edu.br\/grad\/ccomp\/index.php?rest_route=%2Fwp%2Fv2%2Fcomments&post=331"}],"version-history":[{"count":1,"href":"https:\/\/palmas.uft.edu.br\/grad\/ccomp\/index.php?rest_route=\/wp\/v2\/pages\/331\/revisions"}],"predecessor-version":[{"id":332,"href":"https:\/\/palmas.uft.edu.br\/grad\/ccomp\/index.php?rest_route=\/wp\/v2\/pages\/331\/revisions\/332"}],"wp:attachment":[{"href":"https:\/\/palmas.uft.edu.br\/grad\/ccomp\/index.php?rest_route=%2Fwp%2Fv2%2Fmedia&parent=331"}],"curies":[{"name":"wp","href":"https:\/\/api.w.org\/{rel}","templated":true}]}}