{"id":356,"date":"2021-08-18T11:20:35","date_gmt":"2021-08-18T14:20:35","guid":{"rendered":"https:\/\/palmas.uft.edu.br\/grad\/ccomp\/?page_id=356"},"modified":"2021-08-18T11:22:57","modified_gmt":"2021-08-18T14:22:57","slug":"documentos","status":"publish","type":"page","link":"https:\/\/palmas.uft.edu.br\/grad\/ccomp\/?page_id=356","title":{"rendered":"Documentos Acad\u00eamicos"},"content":{"rendered":"\n<h2>Regimento Acad\u00eamico da UFT<\/h2>\n\n\n\n<div class=\"wp-block-file\"><object class=\"wp-block-file__embed\" data=\"https:\/\/palmas.uft.edu.br\/grad\/ccomp\/wp-content\/uploads\/2021\/08\/regimento_academico_uft.pdf\" type=\"application\/pdf\" style=\"width:100%;height:600px\" aria-label=\"Incorporado de regimento_academico_uft.\"><\/object><a href=\"https:\/\/palmas.uft.edu.br\/grad\/ccomp\/wp-content\/uploads\/2021\/08\/regimento_academico_uft.pdf\">regimento_academico_uft<\/a><a href=\"https:\/\/palmas.uft.edu.br\/grad\/ccomp\/wp-content\/uploads\/2021\/08\/regimento_academico_uft.pdf\" class=\"wp-block-file__button\" download>Baixar<\/a><\/div>\n\n\n\n<h2>Estatuto da UFT<\/h2>\n\n\n\n<div class=\"wp-block-file\"><object class=\"wp-block-file__embed\" data=\"https:\/\/palmas.uft.edu.br\/grad\/ccomp\/wp-content\/uploads\/2021\/08\/ESTATUTO_DA_UFT.pdf\" type=\"application\/pdf\" style=\"width:100%;height:600px\" aria-label=\"Incorporado de ESTATUTO_DA_UFT.\"><\/object><a href=\"https:\/\/palmas.uft.edu.br\/grad\/ccomp\/wp-content\/uploads\/2021\/08\/ESTATUTO_DA_UFT.pdf\">ESTATUTO_DA_UFT<\/a><a href=\"https:\/\/palmas.uft.edu.br\/grad\/ccomp\/wp-content\/uploads\/2021\/08\/ESTATUTO_DA_UFT.pdf\" class=\"wp-block-file__button\" download>Baixar<\/a><\/div>\n\n\n\n<h2>Projeto Pedag\u00f3gico do Curso de Ci\u00eancia da Computa\u00e7\u00e3o com Ementas das Disciplinas<\/h2>\n\n\n\n<div class=\"wp-block-file\"><object class=\"wp-block-file__embed\" data=\"https:\/\/palmas.uft.edu.br\/grad\/ccomp\/wp-content\/uploads\/2021\/08\/PPC-de-Ciencia-da-Computacao-Campus-de-Palmas-com-ementas.pdf\" type=\"application\/pdf\" style=\"width:100%;height:600px\" aria-label=\"Incorporado de PPC-de-Ciencia-da-Computacao-Campus-de-Palmas-com-ementas.\"><\/object><a href=\"https:\/\/palmas.uft.edu.br\/grad\/ccomp\/wp-content\/uploads\/2021\/08\/PPC-de-Ciencia-da-Computacao-Campus-de-Palmas-com-ementas.pdf\">PPC-de-Ciencia-da-Computacao-Campus-de-Palmas-com-ementas<\/a><a href=\"https:\/\/palmas.uft.edu.br\/grad\/ccomp\/wp-content\/uploads\/2021\/08\/PPC-de-Ciencia-da-Computacao-Campus-de-Palmas-com-ementas.pdf\" class=\"wp-block-file__button\" download>Baixar<\/a><\/div>\n\n\n\n<h2>Regimento de Atividades Complementares<\/h2>\n\n\n\n<div class=\"wp-block-file\"><object class=\"wp-block-file__embed\" data=\"https:\/\/palmas.uft.edu.br\/grad\/ccomp\/wp-content\/uploads\/2021\/08\/resolucao_atv_complementares.pdf\" type=\"application\/pdf\" style=\"width:100%;height:600px\" aria-label=\"Incorporado de resolucao_atv_complementares.\"><\/object><a href=\"https:\/\/palmas.uft.edu.br\/grad\/ccomp\/wp-content\/uploads\/2021\/08\/resolucao_atv_complementares.pdf\">resolucao_atv_complementares<\/a><a href=\"https:\/\/palmas.uft.edu.br\/grad\/ccomp\/wp-content\/uploads\/2021\/08\/resolucao_atv_complementares.pdf\" class=\"wp-block-file__button\" download>Baixar<\/a><\/div>\n\n\n\n<h2>Normativa de Est\u00e1gios da UFT<\/h2>\n\n\n\n<div class=\"wp-block-file\"><object class=\"wp-block-file__embed\" data=\"https:\/\/palmas.uft.edu.br\/grad\/ccomp\/wp-content\/uploads\/2021\/08\/Normativa_estagios_uft.pdf\" type=\"application\/pdf\" style=\"width:100%;height:600px\" aria-label=\"Incorporado de Normativa_estagios_uft.\"><\/object><a href=\"https:\/\/palmas.uft.edu.br\/grad\/ccomp\/wp-content\/uploads\/2021\/08\/Normativa_estagios_uft.pdf\">Normativa_estagios_uft<\/a><a href=\"https:\/\/palmas.uft.edu.br\/grad\/ccomp\/wp-content\/uploads\/2021\/08\/Normativa_estagios_uft.pdf\" class=\"wp-block-file__button\" download>Baixar<\/a><\/div>\n\n\n\n<h2>Regimento Trabalho de Conclus\u00e3o de Curso da UFT<\/h2>\n\n\n\n<div class=\"wp-block-file\"><object class=\"wp-block-file__embed\" data=\"https:\/\/palmas.uft.edu.br\/grad\/ccomp\/wp-content\/uploads\/2021\/08\/REGIMENTO-DO-TCC-na-UFT.pdf\" type=\"application\/pdf\" style=\"width:100%;height:600px\" aria-label=\"Incorporado de REGIMENTO-DO-TCC-na-UFT.\"><\/object><a href=\"https:\/\/palmas.uft.edu.br\/grad\/ccomp\/wp-content\/uploads\/2021\/08\/REGIMENTO-DO-TCC-na-UFT.pdf\">REGIMENTO-DO-TCC-na-UFT<\/a><a href=\"https:\/\/palmas.uft.edu.br\/grad\/ccomp\/wp-content\/uploads\/2021\/08\/REGIMENTO-DO-TCC-na-UFT.pdf\" class=\"wp-block-file__button\" download>Baixar<\/a><\/div>\n","protected":false},"excerpt":{"rendered":"<p>Regimento Acad\u00eamico da UFT Estatuto da UFT Projeto Pedag\u00f3gico do Curso de Ci\u00eancia da Computa\u00e7\u00e3o com Ementas das Disciplinas Regimento &hellip; <\/p>\n","protected":false},"author":1,"featured_media":0,"parent":0,"menu_order":0,"comment_status":"closed","ping_status":"closed","template":"","meta":[],"_links":{"self":[{"href":"https:\/\/palmas.uft.edu.br\/grad\/ccomp\/index.php?rest_route=\/wp\/v2\/pages\/356"}],"collection":[{"href":"https:\/\/palmas.uft.edu.br\/grad\/ccomp\/index.php?rest_route=\/wp\/v2\/pages"}],"about":[{"href":"https:\/\/palmas.uft.edu.br\/grad\/ccomp\/index.php?rest_route=\/wp\/v2\/types\/page"}],"author":[{"embeddable":true,"href":"https:\/\/palmas.uft.edu.br\/grad\/ccomp\/index.php?rest_route=\/wp\/v2\/users\/1"}],"replies":[{"embeddable":true,"href":"https:\/\/palmas.uft.edu.br\/grad\/ccomp\/index.php?rest_route=%2Fwp%2Fv2%2Fcomments&post=356"}],"version-history":[{"count":2,"href":"https:\/\/palmas.uft.edu.br\/grad\/ccomp\/index.php?rest_route=\/wp\/v2\/pages\/356\/revisions"}],"predecessor-version":[{"id":365,"href":"https:\/\/palmas.uft.edu.br\/grad\/ccomp\/index.php?rest_route=\/wp\/v2\/pages\/356\/revisions\/365"}],"wp:attachment":[{"href":"https:\/\/palmas.uft.edu.br\/grad\/ccomp\/index.php?rest_route=%2Fwp%2Fv2%2Fmedia&parent=356"}],"curies":[{"name":"wp","href":"https:\/\/api.w.org\/{rel}","templated":true}]}}