{"id":382,"date":"2021-08-18T12:12:32","date_gmt":"2021-08-18T15:12:32","guid":{"rendered":"https:\/\/palmas.uft.edu.br\/grad\/ccomp\/?page_id=382"},"modified":"2021-08-18T12:12:32","modified_gmt":"2021-08-18T15:12:32","slug":"tipos-de-atividades","status":"publish","type":"page","link":"https:\/\/palmas.uft.edu.br\/grad\/ccomp\/?page_id=382","title":{"rendered":"Tipos de Atividades"},"content":{"rendered":"\n<h2><strong>As Atividades de Ensino compreendem:<\/strong><\/h2>\n\n\n\n<ol><li>Aprova\u00e7\u00e3o em disciplina complementares n\u00e3o previstas no curr\u00edculo do curso de Ci\u00eancia da Computa\u00e7\u00e3o, Campus Palmas da UFT, cursadas em IES;<\/li><li>Participa\u00e7\u00e3o em programas de monitoria acad\u00eamica da Universidade Federal do Tocantins;<\/li><li>Participa\u00e7\u00e3o e conclus\u00e3o de minicursos, oficinas e atividades laboratoriais extra disciplinares, relacionados \u00e0 \u00e1rea de Computa\u00e7\u00e3o, oferecidos por uma IES;<\/li><li>Frequ\u00eancia e aprova\u00e7\u00e3o em cursos de extens\u00e3o, especializa\u00e7\u00e3o ou capacita\u00e7\u00e3o relacionados \u00e0 \u00e1rea de Computa\u00e7\u00e3o oferecidos por uma IES;<\/li><li>Frequ\u00eancia e aprova\u00e7\u00e3o em cursos de l\u00edngua estrangeira.<\/li><\/ol>\n\n\n\n<h2><strong>As Atividades de Pesquisa compreendem:<\/strong><\/h2>\n\n\n\n<ol><li>Publica\u00e7\u00e3o de livro como autor ou coautor;<\/li><li>Publica\u00e7\u00e3o de cap\u00edtulo de livro como autor ou coautor; <\/li><li>Participa\u00e7\u00e3o em projeto de inicia\u00e7\u00e3o cient\u00edfica;<\/li><li>Participa\u00e7\u00e3o em projeto de pesquisa institucional;<\/li><li>Participa\u00e7\u00e3o em grupo\/n\u00facleo institucional de pesquisa;<\/li><li>Participa\u00e7\u00e3o em projeto de pesquisa integrado (gradua\u00e7\u00e3o e p\u00f3s\u2013gradua\u00e7\u00e3o) ou de pesquisa e extens\u00e3o;<\/li><li>Participa\u00e7\u00e3o, como ouvinte, em semin\u00e1rio, semana acad\u00eamica, simp\u00f3sio, congressos, col\u00f3quio ou encontro relacionado \u00e0 \u00e1rea de Computa\u00e7\u00e3o em \u00e2mbito local, regional, nacional ou internacional;<\/li><li>Publica\u00e7\u00e3o de artigo completo ou resumido, como autor ou coautor, em anais de eventos acad\u00eamico\u2013cient\u00edficos;<\/li><li>Publica\u00e7\u00e3o de artigo, como autor ou coautor, em peri\u00f3dico cient\u00edfico com<\/li><li>conselho editorial e com Qualis CAPES;<\/li><li>Publica\u00e7\u00e3o de artigo, como autor ou coautor, em peri\u00f3dico cient\u00edfico com conselho editorial;<\/li><li>Apresenta\u00e7\u00e3o de trabalho em evento acad\u00eamico\u2013cient\u00edfico.<\/li><\/ol>\n\n\n\n<h2><strong>As Atividades de Extens\u00e3o compreendem:<\/strong><\/h2>\n\n\n\n<ol><li>Participa\u00e7\u00e3o na autoria ou execu\u00e7\u00e3o de projeto de Extens\u00e3o da Universidade Federal do Tocantins;<\/li><li>Participa\u00e7\u00e3o na organiza\u00e7\u00e3o de evento relacionado \u00e0 \u00e1rea de Computa\u00e7\u00e3o promovido pelo curso de Ci\u00eancia da Computa\u00e7\u00e3o da UFT;<\/li><li>Participa\u00e7\u00e3ocomoconferencistaemeventopromovidona\u00e1readeComputa\u00e7\u00e3o;<\/li><li>Participa\u00e7\u00e3o como ouvinte em evento relacionado \u00e0 \u00e1rea de Computa\u00e7\u00e3o promovido por uma IES;<\/li><li>Apresenta\u00e7\u00e3o oral\/painel de trabalho em evento relacionado \u00e0 \u00e1rea de Computa\u00e7\u00e3o;<\/li><li>Participa\u00e7\u00e3o em visitas t\u00e9cnicas, feiras e dia de campo; <\/li><li>Participa\u00e7\u00e3o e conclus\u00e3o de est\u00e1gios extracurriculares; <\/li><li>Participa\u00e7\u00e3o em oficinas;<\/li><li>Representa\u00e7\u00e3o discente em \u00f3rg\u00e3os colegiados da UFT; <\/li><li>Representa\u00e7\u00e3o discente em CA, DCE, UNE, UEE;<\/li><li>Execu\u00e7\u00e3o de minicursos.<\/li><\/ol>\n","protected":false},"excerpt":{"rendered":"<p>As Atividades de Ensino compreendem: Aprova\u00e7\u00e3o em disciplina complementares n\u00e3o previstas no curr\u00edculo do curso de Ci\u00eancia da Computa\u00e7\u00e3o, Campus &hellip; <\/p>\n","protected":false},"author":1,"featured_media":0,"parent":0,"menu_order":0,"comment_status":"closed","ping_status":"closed","template":"","meta":[],"_links":{"self":[{"href":"https:\/\/palmas.uft.edu.br\/grad\/ccomp\/index.php?rest_route=\/wp\/v2\/pages\/382"}],"collection":[{"href":"https:\/\/palmas.uft.edu.br\/grad\/ccomp\/index.php?rest_route=\/wp\/v2\/pages"}],"about":[{"href":"https:\/\/palmas.uft.edu.br\/grad\/ccomp\/index.php?rest_route=\/wp\/v2\/types\/page"}],"author":[{"embeddable":true,"href":"https:\/\/palmas.uft.edu.br\/grad\/ccomp\/index.php?rest_route=\/wp\/v2\/users\/1"}],"replies":[{"embeddable":true,"href":"https:\/\/palmas.uft.edu.br\/grad\/ccomp\/index.php?rest_route=%2Fwp%2Fv2%2Fcomments&post=382"}],"version-history":[{"count":1,"href":"https:\/\/palmas.uft.edu.br\/grad\/ccomp\/index.php?rest_route=\/wp\/v2\/pages\/382\/revisions"}],"predecessor-version":[{"id":383,"href":"https:\/\/palmas.uft.edu.br\/grad\/ccomp\/index.php?rest_route=\/wp\/v2\/pages\/382\/revisions\/383"}],"wp:attachment":[{"href":"https:\/\/palmas.uft.edu.br\/grad\/ccomp\/index.php?rest_route=%2Fwp%2Fv2%2Fmedia&parent=382"}],"curies":[{"name":"wp","href":"https:\/\/api.w.org\/{rel}","templated":true}]}}