{"id":404,"date":"2021-08-25T15:37:47","date_gmt":"2021-08-25T18:37:47","guid":{"rendered":"https:\/\/palmas.uft.edu.br\/grad\/ccomp\/?page_id=404"},"modified":"2021-08-25T15:40:06","modified_gmt":"2021-08-25T18:40:06","slug":"ensino","status":"publish","type":"page","link":"https:\/\/palmas.uft.edu.br\/grad\/ccomp\/?page_id=404","title":{"rendered":"Ensino"},"content":{"rendered":"\n<p>O Curso de Bacharelado em Ci\u00eancia da Computa\u00e7\u00e3o desenvolve continuamente a rela\u00e7\u00e3o teoria e a pr\u00e1tica junto aos discentes, desde o in\u00edcio das atividades acad\u00eamicas at\u00e9 a finaliza\u00e7\u00e3o do curso. Essa rela\u00e7\u00e3o est\u00e1 presente em todos os eixos da universidade, seja no ensino, na extens\u00e3o e\/ou na pesquisa. Al\u00e9m disso, o conv\u00eanio do curso com institui\u00e7\u00f5es p\u00fablicas e privadas da \u00e1rea de computa\u00e7\u00e3o refor\u00e7am o compromisso em integrar o conte\u00fado te\u00f3rico abordado nas disciplinas e demais objetos acad\u00eamicos com a pr\u00e1tica profissional.<\/p>\n\n\n\n<p>Em termos de ensino, grande parte das disciplinas do eixo de fundamentos e tecnologia da computa\u00e7\u00e3o possuem carga hor\u00e1ria te\u00f3rica e pr\u00e1tica, de forma que o conte\u00fado te\u00f3rico seja apresentado ao acad\u00eamico para posteriormente, a sua aplica\u00e7\u00e3o seja mostrada na pr\u00e1tica. As disciplinas de fundamentos matem\u00e1ticos e de ci\u00eancias da natureza, apesar de terem caracter\u00edsticas bastante te\u00f3ricas, ainda sim possuem uma carga hor\u00e1ria pr\u00e1tica m\u00ednima para a apresenta\u00e7\u00e3o da aplica\u00e7\u00e3o dos conceitos no cotidiano do profissional da Ci\u00eancia da Computa\u00e7\u00e3o. As atividades te\u00f3ricas s\u00e3o realizadas em salas de aula e espa\u00e7\u00f5es de estudos exclusivos do curso, enquanto as atividades pr\u00e1ticas s\u00e3o realizadas nos seis laborat\u00f3rios de ensino, pesquisa e extens\u00e3o, os quais s\u00e3o distribu\u00eddos em \u00e1reas tem\u00e1ticas, conforme as linhas de pesquisa do Curso de Ci\u00eancia da Computa\u00e7\u00e3o. Os acad\u00eamicos tamb\u00e9m t\u00eam acesso aos programas de monitoria, nos quais \u00e9 poss\u00edvel o acad\u00eamico vivenciar a pr\u00e1tica de ensinar os conte\u00fados que aprendeu em uma disciplina anterior para os acad\u00eamicos matriculados correntemente na disciplina.<\/p>\n","protected":false},"excerpt":{"rendered":"<p>O Curso de Bacharelado em Ci\u00eancia da Computa\u00e7\u00e3o desenvolve continuamente a rela\u00e7\u00e3o teoria e a pr\u00e1tica junto aos discentes, desde &hellip; <\/p>\n","protected":false},"author":2,"featured_media":0,"parent":0,"menu_order":0,"comment_status":"closed","ping_status":"closed","template":"","meta":[],"_links":{"self":[{"href":"https:\/\/palmas.uft.edu.br\/grad\/ccomp\/index.php?rest_route=\/wp\/v2\/pages\/404"}],"collection":[{"href":"https:\/\/palmas.uft.edu.br\/grad\/ccomp\/index.php?rest_route=\/wp\/v2\/pages"}],"about":[{"href":"https:\/\/palmas.uft.edu.br\/grad\/ccomp\/index.php?rest_route=\/wp\/v2\/types\/page"}],"author":[{"embeddable":true,"href":"https:\/\/palmas.uft.edu.br\/grad\/ccomp\/index.php?rest_route=\/wp\/v2\/users\/2"}],"replies":[{"embeddable":true,"href":"https:\/\/palmas.uft.edu.br\/grad\/ccomp\/index.php?rest_route=%2Fwp%2Fv2%2Fcomments&post=404"}],"version-history":[{"count":2,"href":"https:\/\/palmas.uft.edu.br\/grad\/ccomp\/index.php?rest_route=\/wp\/v2\/pages\/404\/revisions"}],"predecessor-version":[{"id":406,"href":"https:\/\/palmas.uft.edu.br\/grad\/ccomp\/index.php?rest_route=\/wp\/v2\/pages\/404\/revisions\/406"}],"wp:attachment":[{"href":"https:\/\/palmas.uft.edu.br\/grad\/ccomp\/index.php?rest_route=%2Fwp%2Fv2%2Fmedia&parent=404"}],"curies":[{"name":"wp","href":"https:\/\/api.w.org\/{rel}","templated":true}]}}