{"id":99,"date":"2021-06-21T20:25:08","date_gmt":"2021-06-21T23:25:08","guid":{"rendered":"https:\/\/palmas.uft.edu.br\/grad\/ccomp\/?page_id=99"},"modified":"2021-08-17T11:10:22","modified_gmt":"2021-08-17T14:10:22","slug":"infraestrutura","status":"publish","type":"page","link":"https:\/\/palmas.uft.edu.br\/grad\/ccomp\/?page_id=99","title":{"rendered":"Infraestrutura"},"content":{"rendered":"\n<p>O Curso de Ci\u00eancia da Computa\u00e7\u00e3o possui infraestrutura administrativa pr\u00f3pria para atendimento aos discentes e docentes. O curso conta com infraestrutura de salas e laborat\u00f3rios adequadas para as atividades de ensino, pesquisa e extens\u00e3o. A UFT disponibiliza ainda espa\u00e7os comuns para os cursos expandido adequadamente o atendimento aos discentes, docentes e t\u00e9cnicos administrativos. A infraestrutura do Curso est\u00e1 implantada no Bloco 03 do Campus de Palmas da Universidade Federal do Tocantins. <\/p>\n\n\n\n<h4>Infraestrutura Administrativa<\/h4>\n\n\n\n<p>A infraestrutura administrativa \u00e9 formada por um complexo de salas que acomodam a recep\u00e7\u00e3o, coordena\u00e7\u00e3o do curso, sala de professores e apoio t\u00e9cnico administrativo. A recep\u00e7\u00e3o do curso conta com um t\u00e9cnico que executa as atividades administrativa do curso. A coordena\u00e7\u00e3o possui ambiente para atendimentos individualizados e para pequenas reuni\u00f5es. A sala de professores tamb\u00e9m pode ser utilizada para reuni\u00f5es e videoconfer\u00eancias, desde que agendadas com anteced\u00eancia. Por fim, o apoio t\u00e9cnico possui uma equipe de analista e t\u00e9cnico em tecnologia da informa\u00e7\u00e3o que atuam no suporte \u00e0 coordena\u00e7\u00e3o, corpo docente e administrativo.<\/p>\n\n\n\n<p><strong>Coordena\u00e7\u00e3o<\/strong><\/p>\n\n\n\n<p>O curso de Ci\u00eancia da Computa\u00e7\u00e3o, conta com uma sala para a coordena\u00e7\u00e3o, situado na sala 04-A, Bloco 03. No mesmo espa\u00e7o est\u00e1 implantada a coordena\u00e7\u00e3o das P\u00f3s-Gradua\u00e7\u00f5es Lato Sensu e demais cursos. Nesse espa\u00e7o ficam armazenados os documentos administrativos, como as atas de reuni\u00f5es e pasta dos docentes, e os documentos pedag\u00f3gicos, tais como os planos de ensino, di\u00e1rios e projetos de pesquisa e extens\u00e3o. Os atendimentos da coordena\u00e7\u00e3o aos discentes, docentes e t\u00e9cnicos administrativos s\u00e3o realizados nesse espa\u00e7o.<\/p>\n\n\n\n<p><strong>Recep\u00e7\u00e3o<\/strong><\/p>\n\n\n\n<p>O complexo administrativo do Curso se situa na sala 04, Bloco 03. O acesso ao complexo de salas \u00e9 feito por meio da recep\u00e7\u00e3o, onde fica o secret\u00e1rio geral do curso. A recep\u00e7\u00e3o tamb\u00e9m \u00e9 uma sala de espera para o p\u00fablico que aguarda atendimento das coordena\u00e7\u00f5es da gradua\u00e7\u00e3o e p\u00f3s-gradua\u00e7\u00e3o.<\/p>\n\n\n\n<p><strong>Apoio T\u00e9cnico Administrativo<\/strong><\/p>\n\n\n\n<p>Junto \u00e0 coordena\u00e7\u00e3o est\u00e1 a sala de apoio t\u00e9cnico administrativo, situado na sala 04-B, Bloco 03, onde ficam concentrados os t\u00e9cnicos administrativos e os estagi\u00e1rios bolsistas que atuam nas salas e laborat\u00f3rios do Curso de Ci\u00eancia da Computa\u00e7\u00e3o.<\/p>\n\n\n\n<p><strong>Sala de Professores, Reuni\u00f5es e Videoconfer\u00eancia<\/strong><\/p>\n\n\n\n<p>Na sala 04-C, Bloco 03, est\u00e1 implantada a sala de reuni\u00f5es e videoconfer\u00eancia do Curso de Ci\u00eancia da Computa\u00e7\u00e3o, que \u00e9 usada para as reuni\u00f5es do N\u00facleo Docente Estruturante, Centro Acad\u00eamico, Coordena\u00e7\u00e3o, Docentes e Colegiado do Curso de Ci\u00eancia da Computa\u00e7\u00e3o. <\/p>\n\n\n\n<h3>Infraestrutura pedag\u00f3gica<\/h3>\n\n\n\n<p><strong>Salas de Aula<\/strong><\/p>\n\n\n\n<p>O campus de Palmas conta, atualmente, com aproximadamente 90 (noventa) salas de aulas para atender os cursos de gradua\u00e7\u00e3o e p\u00f3s-gradua\u00e7\u00e3o distribu\u00eddos nos tr\u00eas per\u00edodos (matutino, vespertino e noturno). Todas as salas da institui\u00e7\u00e3o s\u00e3o condicionadas com 01 (um) par de condicionadores de ar adequado \u00e0s dimens\u00f5es de cada sala e, atualmente, o Campus atende a todos os cursos de gradua\u00e7\u00e3o e p\u00f3s-gradua\u00e7\u00e3o com uma sobra de 15% de salas de aula nos tr\u00eas turnos. As salas de aulas s\u00e3o equipadas, em geral, com quadro branco, projetor multim\u00eddia e tela de proje\u00e7\u00e3o. Dentre esse quantitativo de salas, o Curso de Ci\u00eancia da Computa\u00e7\u00e3o conta com duas salas exclusivas para atender suas atividades de ensino, tais como as aulas te\u00f3ricas e pr\u00e1ticas, atendimento docente aos acad\u00eamicos, reuni\u00f5es de est\u00e1gio e projeto de gradua\u00e7\u00e3o (TCC). As salas de aula do curso, 26 e 39 do Bloco III, que possuem,  comportam 30 alunos cada e ambas s\u00e3o equipadas com Datashow. <\/p>\n\n\n\n<p><strong>Sala de Estudos e Monitoria<\/strong><\/p>\n\n\n\n<p>Espa\u00e7o implantado no piso superior do Bloco III de uso priorit\u00e1rio dos acad\u00eamicos do Curso de Ci\u00eancia da Computa\u00e7\u00e3o para a realiza\u00e7\u00e3o de estudos dos conte\u00fados que comp\u00f5es a carga hor\u00e1ria te\u00f3rica das disciplinas ministradas no curso. O espa\u00e7o incorpora uma finalidade espec\u00edfica devido ao fato dos laborat\u00f3rios do curso n\u00e3o possu\u00edrem mesas de estudo (grande parte das mesas s\u00e3o ocupadas por computadores). O espa\u00e7o tamb\u00e9m \u00e9 destinado para as atividades de monitoria que abrangem as disciplinas fundamentais das \u00e1reas de programa\u00e7\u00e3o de computadores, c\u00e1lculos, f\u00edsicas e tamb\u00e9m as disciplinas da \u00e1rea t\u00e9cnica, tais como banco de dados, engenharia de software e redes de computadores. O espa\u00e7o possui arm\u00e1rios para os acad\u00eamicos guardarem seus materiais de estudo, quadros branco e mesas de estudo individual e em grupo.<\/p>\n\n\n\n<p><strong>N\u00facleo de Apoio Discente (NAD)<\/strong><\/p>\n\n\n\n<p>A sala 29, Bloco III, \u00e9 usada pelo centro acad\u00eamico e coordena\u00e7\u00e3o do Curso de Ci\u00eancia da Computa\u00e7\u00e3o o apoio e acompanhamento dos acad\u00eamicos, em especial os ingressantes e das turmas iniciais. Trata-se de um ponto de refer\u00eancia onde um docente do curso juntamente com o presidente do centro acad\u00eamico possam realizar atendimentos individualizados buscando auxiliar os acad\u00eamicos no desenvolvimento dos seus estudos no curso. O NAD desenvolve a\u00e7\u00f5es conjuntas com o N\u00facleo de Estudos e Carreiras do Campus de Palmas da UFT e Centro Acad\u00eamico da Ci\u00eancia da Computa\u00e7\u00e3o de forma a complementar a atua\u00e7\u00e3o agregando o apoio psicopedag\u00f3gico aos alunos.<\/p>\n\n\n\n<p><strong>Laborat\u00f3rios de Ensino, Pesquisa e Extens\u00e3o<\/strong><\/p>\n\n\n\n<p>O Curso de Ci\u00eancia da Computa\u00e7\u00e3o conta, atualmente, com 05 (cinco) laborat\u00f3rios espec\u00edficos de ensino, pesquisa e extens\u00e3o implantados destinados a cada linha de pesquisa e 02 (dois) laborat\u00f3rios de uso geral dos acad\u00eamicos do curso de Ci\u00eancia da Computa\u00e7\u00e3o. Os laborat\u00f3rios de uso geral encontram-se atualmente em implanta\u00e7\u00e3o. A utiliza\u00e7\u00e3o dos laborat\u00f3rios da Ci\u00eancia da Computa\u00e7\u00e3o deve ser norteada pelo Regimento dos Laborat\u00f3rios. <\/p>\n\n\n\n<h3>Gabinete dos Docentes<\/h3>\n\n\n\n<p>Existem ainda 03 (tr\u00eas) docentes do curso com salas individuais que est\u00e3o localizadas no Bloco II no Campus de Palmas. Os docentes Hellena Christina Apolin\u00e1rio, Rog\u00e9rio Azevedo Rocha e Marcelo Lisboa Rocha est\u00e3o alocados em gabinetes pr\u00f3prios individuais, os quais n\u00e3o fazem parte da infraestrutura do curso de Ci\u00eancia da Computa\u00e7\u00e3o, por\u00e9m, garantem espa\u00e7o para a atua\u00e7\u00e3o dos docentes.<\/p>\n","protected":false},"excerpt":{"rendered":"<p>O Curso de Ci\u00eancia da Computa\u00e7\u00e3o possui infraestrutura administrativa pr\u00f3pria para atendimento aos discentes e docentes. O curso conta com &hellip; <\/p>\n","protected":false},"author":1,"featured_media":0,"parent":0,"menu_order":0,"comment_status":"closed","ping_status":"closed","template":"","meta":[],"_links":{"self":[{"href":"https:\/\/palmas.uft.edu.br\/grad\/ccomp\/index.php?rest_route=\/wp\/v2\/pages\/99"}],"collection":[{"href":"https:\/\/palmas.uft.edu.br\/grad\/ccomp\/index.php?rest_route=\/wp\/v2\/pages"}],"about":[{"href":"https:\/\/palmas.uft.edu.br\/grad\/ccomp\/index.php?rest_route=\/wp\/v2\/types\/page"}],"author":[{"embeddable":true,"href":"https:\/\/palmas.uft.edu.br\/grad\/ccomp\/index.php?rest_route=\/wp\/v2\/users\/1"}],"replies":[{"embeddable":true,"href":"https:\/\/palmas.uft.edu.br\/grad\/ccomp\/index.php?rest_route=%2Fwp%2Fv2%2Fcomments&post=99"}],"version-history":[{"count":5,"href":"https:\/\/palmas.uft.edu.br\/grad\/ccomp\/index.php?rest_route=\/wp\/v2\/pages\/99\/revisions"}],"predecessor-version":[{"id":213,"href":"https:\/\/palmas.uft.edu.br\/grad\/ccomp\/index.php?rest_route=\/wp\/v2\/pages\/99\/revisions\/213"}],"wp:attachment":[{"href":"https:\/\/palmas.uft.edu.br\/grad\/ccomp\/index.php?rest_route=%2Fwp%2Fv2%2Fmedia&parent=99"}],"curies":[{"name":"wp","href":"https:\/\/api.w.org\/{rel}","templated":true}]}}